{"id":95,"date":"2016-06-27T09:28:28","date_gmt":"2016-06-27T09:28:28","guid":{"rendered":"http:\/\/blanks.es\/?page_id=95"},"modified":"2017-02-27T11:24:18","modified_gmt":"2017-02-27T11:24:18","slug":"sobre-nosotros","status":"publish","type":"page","link":"https:\/\/www.blanks.es\/?page_id=95","title":{"rendered":"Sobre nosotros"},"content":{"rendered":"<div class=\"section-full-width section-light\" style=\"background-color:#f7f7f7;\"><div style=\"background-image:url(https:\/\/www.blanks.es\/wp-content\/uploads\/2016\/06\/IMAGEN-01-PORTADA.jpg); opacity:1; filter: alpha(opacity=100);\" class=\"full-bg-image\" ><\/div><div class=\"section-boxed\" style=\"color:#777777;\"><p>&nbsp;<\/p>\n<div class=\"eds-animate edsanimate-sis-hidden \" data-eds-entry-animation=\"zoomIn\" data-eds-entry-delay=\"0\" data-eds-entry-duration=\"0.5\" data-eds-entry-timing=\"linear\" data-eds-exit-animation=\"\" data-eds-exit-delay=\"\" data-eds-exit-duration=\"\" data-eds-exit-timing=\"\" data-eds-repeat-count=\"1\" data-eds-keep=\"yes\" data-eds-animate-on=\"load\" data-eds-scroll-offset=\"\">\n<h6 style=\"text-align: justify;\"><span style=\"color: #575353;\">Desarrollamos todos los procesos de un departamento de Dise\u00f1o y Producto. <\/span><\/h6>\n<h6 style=\"text-align: justify;\"><span style=\"color: #575353;\">Solucionando, gestionando y desarrollando\u00a0 lo necesario para que nuestros clientes reciban el resultado final sin preocupaciones.<br \/>\n<\/span><\/h6>\n<h6 style=\"text-align: justify;\"><span style=\"color: #575353;\">Trabajamos de forma personalizada \u201cintegr\u00e1ndonos\u201d a la firma de forma externa, pero asimilando \u201clos valores fundamentales de la marca\u201d para llevar a cabo una adecuada colaboraci\u00f3n.<\/span><\/h6>\n<h6 style=\"text-align: justify;\"><span style=\"color: #575353;\">Nos adaptamos a las necesidades de cada cliente, comprender profundamente estas necesidades y preferencias nos hace lograr su plena satisfacci\u00f3n y el \u00e9xito de la colaboraci\u00f3n.<\/span><br \/>\n<span style=\"color: #575353;\"> Para nosotros es un pilar fundamental conocer a nuestros clientes y ofrecerles un SERVICIO INTEGRAL que contenga todas las fases del proceso del producto, desde la creaci\u00f3n de\u00a0 la idea hasta la forma en que el producto llega al cliente final.<\/span><\/h6>\n<p>&nbsp;<\/p>\n<\/div>\n<p>\n<\/div><\/div>\n","protected":false},"excerpt":{"rendered":"","protected":false},"author":1,"featured_media":0,"parent":0,"menu_order":6,"comment_status":"closed","ping_status":"closed","template":"template-full-custom.php","meta":{"footnotes":""},"class_list":["post-95","page","type-page","status-publish","hentry"],"_links":{"self":[{"href":"https:\/\/www.blanks.es\/index.php?rest_route=\/wp\/v2\/pages\/95","targetHints":{"allow":["GET"]}}],"collection":[{"href":"https:\/\/www.blanks.es\/index.php?rest_route=\/wp\/v2\/pages"}],"about":[{"href":"https:\/\/www.blanks.es\/index.php?rest_route=\/wp\/v2\/types\/page"}],"author":[{"embeddable":true,"href":"https:\/\/www.blanks.es\/index.php?rest_route=\/wp\/v2\/users\/1"}],"replies":[{"embeddable":true,"href":"https:\/\/www.blanks.es\/index.php?rest_route=%2Fwp%2Fv2%2Fcomments&post=95"}],"version-history":[{"count":9,"href":"https:\/\/www.blanks.es\/index.php?rest_route=\/wp\/v2\/pages\/95\/revisions"}],"predecessor-version":[{"id":434,"href":"https:\/\/www.blanks.es\/index.php?rest_route=\/wp\/v2\/pages\/95\/revisions\/434"}],"wp:attachment":[{"href":"https:\/\/www.blanks.es\/index.php?rest_route=%2Fwp%2Fv2%2Fmedia&parent=95"}],"curies":[{"name":"wp","href":"https:\/\/api.w.org\/{rel}","templated":true}]}}